14.
11bc7a7
197401 (base 10) to base 7
1451341
Convert -1111010000101001001011 (base 2) to base 4.
-33100221023
What is -2200162 (base 7) in base 3?
-111200000011
1222110 (base 6) to base 3
10022112120
Convert -44636524 (base 7) to base 15.
-5182c4
1403213003 (base 5) to base 3
20201100210002
20444102 (base 5) to base 3
22201122010
What is 454524 (base 7) in base 9?
132833
What is 1113802 (base 9) in base 15?
bcb28
10422033 (base 6) to base 9
527753
Convert 162252 (base 7) to base 8.
76442
Convert -100010000000110101010001 (base 2) to base 3.
-121202222212112
What is 16b878 (base 14) in base 11?
4a7205
5863531 (base 10) to base 11
33453a3
-13012330013 (base 4) to base 15
-26c1db
What is -220504 (base 8) in base 10?
-74052
What is 13484731 (base 9) in base 5?
3201410422
Convert 1040112 (base 6) to base 12.
26038
What is 230002413 (base 5) in base 12?
40bb53
What is 2216403 (base 7) in base 4?
1002302202
Convert 19511a (base 11) to base 2.
1001001001001100001
What is 473242 (base 8) in base 4?
213122202
46018 (base 12) to base 3
11202000202
-13142342001 (base 5) to base 16
-f9cf2d
Convert 13113303 (base 7) to base 12.
498779
9c4d6 (base 16) to base 2
10011100010011010110
What is 16abe (base 16) in base 6?
1553530
What is -2508b2 (base 12) in base 4?
-2103020012
What is 1053992 (base 11) in base 13?
4ca05a
Convert 331144003 (base 5) to base 9.
2615760
4dd53e (base 16) to base 6
301155034
What is -13c90a7 (base 13) in base 9?
-12766480
ece7c (base 15) to base 2
10110111101110000101
Convert -112221 (base 7) to base 16.
-4e27
Convert 145102 (base 9) to base 14.
24629
Convert -10212310031 (base 4) to base 5.
-302120230
Convert 1193801 (base 12) to base 4.
31010313001
Convert -1b069 (base 13) to base 5.
-3142230
-65787 (base 10) to base 9
-110216
-8366184 (base 9) to base 12
-15b8364
What is 4980a99 (base 12) in base 4?
312233220111
-76aeb (base 16) to base 10
-486123
-111011001001001000110 (base 2) to base 8
-7311106
Convert 203223314 (base 7) to base 15.
10a7752
What is 2510503 (base 6) in base 4?
200220213
-11102020112010 (base 3) to base 12
-9522a0
What is 10010011001110100 (base 2) in base 16?
12674
Convert 5cc1b9 (base 15) to base 8.
20752132
Convert aa0f3d (base 16) to base 11.
6322468
What is 1934166 (base 11) in base 10?
3270460
What is 1aa67f (base 16) in base 13?
491c89
33277 (base 13) to base 4
112220212
4b817 (base 12) to base 15
2084d
What is -a478 (base 16) in base 2?
-1010010001111000
What is -2111420 (base 5) in base 14?
-cbab
-2134414 (base 9) to base 5
-243113432
-5463322 (base 7) to base 10
-671071
What is 11131413132 (base 5) in base 7?
210111434
-7589b (base 12) to base 4
-211312313
Convert 707227 (base 11) to base 4.
10111210301
-100021020212121 (base 3) to base 7
-56603551
Convert 64d6c (base 15) to base 4.
1032030111
What is 368686 (base 10) in base 4?
1122000232
What is 10a5725 (base 12) in base 6?
152352445
What is 21213102 (base 6) in base 13?
18b08a
What is -1b13a9 (base 12) in base 16?
-74ff1
What is 2140014 (base 5) in base 13?
13a33
Convert -6bb344 (base 14) to base 16.
-382860
Convert 144413145 (base 6) to base 13.
819263
309c (base 13) to base 10
6720
What is 213101030010 (base 4) in base 13?
2195649
Convert 2a83a (base 13) to base 8.
235155
Convert -101020302110 (base 4) to base 10.
-4492436
Convert 10013322221 (base 4) to base 7.
12121415
121203013221 (base 4) to base 16
6631e9
What is d378 (base 14) in base 11?
25360
1011010011000100011 (base 2) to base 12
15a2ab
What is -17256166 (base 8) in base 5?
-2012140431
2120101020100 (base 3) to base 6
45134100
Convert 1a6ba6 (base 16) to base 4.
12212232212
-edc2d (base 15) to base 3
-1102101011121
Convert -511660 (base 9) to base 15.
-5ec00
What is 824258 (base 9) in base 12?
1b6945
-776629 (base 13) to base 5
-1210010314
Convert 21314546 (base 7) to base 3.
10102102111002
What is -1000000110110011101011 (base 2) in base 4?
-20012303223
Convert -1300457 (base 8) to base 7.
-3031516
18d933 (base 14) to base 6
30530133
What is 310320512 (base 6) in base 3?
101001112210222
Convert -1115114 (base 10) to base 12.
-4593a2
-114031 (base 5) to base 4
-1002222
Convert 14333747 (base 8) to base 11.
1926050
40118 (base 9) to base 16
66e6
Convert -15a0406 (base 12) to base 5.
-2114004321
-2001202120 (base 3) to base 8
-117312
What is 101111100110100001001110 (base 2) in base 3?
212110222100020
Convert 12303233233 (base 4) to base 15.
253c7a
Convert -489428 (base 11) to base 12.
-313995
Convert -30003213101 (base 4) to base 9.
-5846378
-5324312 (base 9) to base 7
-33141626
-2100121210122 (base 3) to base 16
-131bb5
What is -1960167 (base 10) in base 2?
-111011110100011100111
Convert -10201112112 (base 4) to base 11.
-73a491
-5d397 (base 15) to base 9
-503467
Convert 34535015 (base 6) to base 16.
1054d3
-9a3b21 (base 14) to base 15
-6d6198
-1212132022 (base 4) to base 16
-6678a
What is 132244623 (base 7) in base 13?
19c2045
What is 4213454 (base 7) in base 4?
1323333203
Convert 9d73c6 (base 16) to base 11.
5908729
What is 71aa2d (base 14) in base 4?
32213230301
Convert 2011232 (base 7) to base 2.
111010001001010011
Convert -100023032213 (base 4) to base 9.
-7872528
What is -333242 (base 5) in base 9?
-17036
What is 100010010110010101 (base 2) in base 16?
22595
-14167671 (base 9) to base 6
-410150401
688137 (base 9) to base 15
82454
-11011002102001 (base 3) to base 6
-115142044
298573 (base 10) to base 5
34023243
Convert 149340 (base 10) to base 12.
72510
1b0b08 (base 14) to base 7
11116211
What is 2231043140 (base 5) in base 4?
102312022010
265674 (base 8) to base 13
334ca
What is 431554 (base 7) in base 14?
1d4d4
2ce6b0 (base 15) to base 10
2175015
-4a01930 (base 11) to base 14
-122639d
What is 1b866 (base 13) in base 4?
31032110
Convert 124110341 (base 5) to base 15.
c1a66
What is 3330311333 (base 4) in base 14?
1cd5cb
What is 517635 (base 8) in base 12?
835b9
What is 14103601 (base 7) in base 5?
313443040
Convert -1795ca (base 14) to base 9.
-1508080
11100011110110000101100 (base 2) to base 9
15038416
What is 1002002021020 (base 3) in base 6?
20134140
855263 (base 9) to base 4
1330102011
Convert -12340010 (base 6) to base 10.
-401766
What is -1010011101110011100110 (base 2) in base 15?
-392d6b
What is -140131012 (base 5) in base 16?
-acea1
What is -7c803c (base 14) in base 4?
-100031003112
-20100222222 (base 3) to base 9
-210888
What is -1cc8cbb (base 13) in base 10?
-9644815
Convert b016a (base 12) to base 13.
7cc03
Convert -7847b (base 14) to base 15.
-5b6a7
What is 1010001010001011001 (base 2) in base 10?
332889
What is -191c0 (base 16) in base 7?
-605564
1005652 (base 10) to base 9
1802441
Convert 5b959 (base 13) to base 3.
22120020020
Convert -1100101220112 (base 3) to base 4.
-2232323330
Convert 4a236 (base 13) to base 15.
2a717
What is 30154130 (base 7) in base 8?
11424423
What is 2211003 (base 5) in base 4?
21111231
Convert -bc018b (base 15) to base 4.
-202023233111
Convert -c7968 (base 15) to base 13.
-192305
What is -1010100010000010 (base 2) in base 4?
-22202002
22d9 (base 14) to base 11
461a
144362 (base 7) to base 3
1102101002
What is -110120111212021 (base 3) in base 13?
-14cc935
273423 (base 16) to base 2
1001110011010000100011
Convert 490512 (base 16) to base 12.
1729416
What is -11244 (base 11) in base 16?
-3f86
Convert ca726 (base 14) to base 15.
9a20d
-25041 (base 11) to base 7
-206622
22943 (base 10) to base 5
1213233
What is -31ab3 (base 13) in base 16?
-15e74
What is -100011001111101101 (base 2) in base 15?
-2cb95
-22101011121111 (base 3) to base 4
-100332312013
Convert 1253b2 (base 12) to base 14.
7b218
-5352b (base 16) to base 3
-122100011102
1234056 (base 8) to base 3
122101012222
Convert 42141 (base 6) to base 13.
2779
Convert -46821b6 (base 12) to base 9.
-27537613
What is 29cc65 (base 13) in base 6?
34011434
What is -13133320210 (base 4) in base 15?
-28c604
What is -431351 (base 7) in base 14?
-1d461
Convert b3864 (base 13) to base 11.
200086
What is 1347721 (base 8) in base 3?
201100110201
44632 (base 13) to base 8
362267
Convert 10100111110100101101 (base 2) to base 4.
2213310231
What is 3822433 (base 10) in base 4?
32211031201
Convert -188a4 (base 12) to base 5.
-2121321
Convert 62522 (base 11) to base 8.
262001
9697c (base 14) to base 3
20011110